 + 5*w**2 + 7. Let y be i(-6). Suppose 3*v = 13 + 26. What is the highest common divisor of y and v?
13
Suppose 0 = 4*u - d - 140, -3*u = -4*d - 44 - 74. Calculate the greatest common divisor of u and 51.
17
Let z be 6/1*63/27. Let v be -3*(z*3)/(-2). Calculate the greatest common factor of 42 and v.
21
Let v be (5/(-10))/(1/(-10)). Suppose 0*g + 31 = 4*g - v*w, -g + 2*w = -7. Calculate the highest common divisor of 36 and g.
9
Let m be (1 - 1) + 1 + 2. Let z = m - 3. Let i = z + 5. What is the greatest common factor of i and 55?
5
Let w = -1 - -14. Let c = 7 - 5. Suppose -c*o = -w - 1. Calculate the highest common divisor of 14 and o.
7
Suppose 0 = 4*b + b - 65. Let l = -31 + 174. Calculate the highest common divisor of b and l.
13
Let j(u) = -u**2 - u + 8. Let i be j(0). Calculate the highest common factor of i and 16.
8
Let d(l) = 2*l + 6*l**3 + 5*l**2 - 3*l**2 - 8*l**2 + 5*l**2. Let t be d(2). What is the highest common divisor of 16 and t?
16
Let z be (-4)/((-1)/(30/(-57)) + -2). What is the highest common factor of 440 and z?
40
Let t = -78 - -106. What is the highest common factor of 196 and t?
28
Let c(q) = -q**3 + 14*q**2 - q - 4. Let w be c(13). Calculate the greatest common factor of 19 and w.
19
Let f(a) = a**3 + 7*a**2 + a - 12. Let i = -13 + 7. Let s be f(i). What is the highest common divisor of 27 and s?
9
Suppose f - 4*c = 5*f - 360, 5*c - 10 = 0. Suppose 1 = -5*h + 21. Suppose i + 5 = 0, -w = -h*w + 2*i + 43. What is the highest common divisor of f and w?
11
Let x(h) = 208 - 208 - h. Let j be 0 + 2 + 4/(-1). Let i be x(j). What is the highest common factor of i and 18?
2
Let l = -24 - -26. Calculate the highest common divisor of l and 10.
2
Let r be ((-35)/(-10) - 5)*(-4)/3. What is the greatest common factor of 7 and r?
1
Let d = 5 + -2. Let k(q) = q**2 - q - 1. Let b be k(d). Suppose b*m = 6*m - 6. Calculate the greatest common factor of 66 and m.
6
Suppose -x = -3 + 14. Let q(y) = -2*y - 4. Let l be q(x). What is the highest common factor of 2 and l?
2
Let m(d) = -d**2 + 23. Let h be (-4)/(-14) - (-2)/(-7). Let u be m(h). Suppose -7 = -5*t + u. Calculate the highest common factor of 48 and t.
6
Suppose 4*b + 28 = 8. Let g be (-1)/(-5) + (-9)/b. Suppose 0 = 5*z - 35 - 35. Calculate the highest common factor of g and z.
2
Suppose 79*s - 78*s = 40. Calculate the greatest common factor of s and 20.
20
Suppose 3*h + 3*a - 711 = 0, 6*a + 12 = 2*a. Let u be (2/2)/((-3)/h). Let v = -35 - u. What is the highest common divisor of 15 and v?
15
Let h be ((-3)/4)/(4/(-80)). Suppose h = -b + 63. Calculate the greatest common factor of b and 32.
16
Let a = 29 - 18. Let r = a + 108. Calculate the greatest common factor of 17 and r.
17
Let c = -10 + -9. Let x = 13 - c. Calculate the highest common factor of x and 8.
8
Let x(f) = 3*f**2 - 2*f - 1. Let y be x(-1). Suppose 12 = 2*z + 2*q - 6*q, 3*q = 2*z - 11. Calculate the greatest common factor of y and z.
4
Let k(m) = -m**2 - 10*m + 10. Let n be k(-10). Calculate the highest common factor of 30 and n.
10
Suppose -5*j + 1341 = -5*o + 381, 768 = 4*j - 5*o. Calculate the greatest common divisor of j and 16.
16
Let p(x) = 15*x**2 - 3*x - 1. Let w be p(-1). Let o be -34*((-14)/4 - -2). Calculate the greatest common divisor of w and o.
17
Let w(a) = a**3 + 2*a**2 + 1. Let o be w(-2). Let g = -1 + o. Suppose g = s - 7 - 1. What is the highest common divisor of s and 24?
8
Suppose 19*g + 18 = 20*g. What is the highest common divisor of g and 63?
9
Let b = -10 - -7. Let y be (-2 - b) + -2 + 6. Suppose 0*w + y*w + 152 = 4*r, 4*r = -3*w + 152. What is the highest common factor of r and 19?
19
Suppose -x = 8*x - 189. What is the highest common divisor of 63 and x?
21
Let w be ((-8)/12)/(6/(-9)). Calculate the highest common divisor of 5 and w.
1
Suppose 4*y + 0*z - z = -6, 4*z - 6 = -2*y. Let p be (y - -2) + -3 + 15. What is the highest common divisor of p and 13?
13
Suppose f = -0*v + v + 26, -f + 3*v = -36. Calculate the highest common factor of f and 231.
21
Suppose 2*j = 55 + 81. Let r be (-14)/(-49) + j/7. Calculate the greatest common factor of r and 90.
10
Let o = -304 + 432. Calculate the highest common divisor of o and 8.
8
Let o(b) = -b**2 + 7*b. Let v be o(5). Suppose 2*q - 64 = -v. Suppose 3*u = 2*u + 9. Calculate the greatest common factor of q and u.
9
Let q = -198 + 233. Let r = -23 - -37. Calculate the greatest common divisor of r and q.
7
Suppose o - 4*z = -20, -5*z = -3*o - 0*z - 32. Let n be (o/5)/((-1)/10). Suppose 2*a + 3*a - 10 = 0. Calculate the highest common divisor of n and a.
2
Let d(s) = 3*s - 18. Let f be d(10). Let j be (22/(-10) - -1)*-30. What is the greatest common divisor of f and j?
12
Let o(v) = v**3 + 8*v**2 - 11*v - 4. Let q be o(-9). Let u be 10/2 + -5 + 7. Calculate the highest common divisor of u and q.
7
Suppose -2*p = 5*k - 9, 0*p - 3*p = 4*k + 4. Let w be (405/(-36))/(2/p). Calculate the greatest common factor of 18 and w.
9
Let h(y) = y**3 - 3*y**2 + 9*y - 15. Let x be h(3). Suppose 4*k = 10 + 6. Calculate the greatest common factor of k and x.
4
Let c(s) = s**3 + 6*s**2 + 3*s - 4. Let d be c(-6). Let a = -12 - d. Let r be a - (1 - -1)/2. What is the greatest common factor of 90 and r?
9
Let y(h) be the third derivative of h**6/60 - h**4/24 + h**3/3 + 5*h**2. Let s be y(2). What is the highest common divisor of s and 8?
8
Let l be 3 + (3 - 3) + -2. Let t be (l/(-5))/(3/(-15)). Let j = 6 - 2. Calculate the greatest common divisor of t and j.
1
Suppose 12 = 2*m + 6. What is the greatest common divisor of 6 and m?
3
Let v(y) = y**2 - 12*y - 1. Let p be v(13). Calculate the highest common divisor of p and 12.
12
Suppose 0*g - 3*g = -114. What is the highest common factor of 190 and g?
38
Let b(j) = -2*j - 37. Let f be b(-19). Calculate the greatest common divisor of f and 5.
1
Let p = 238 - 142. What is the greatest common divisor of 24 and p?
24
Let s(x) = 9*x**2 + x - 1. Let z be s(-2). Calculate the highest common factor of 22 and z.
11
Let c be 12/42 - 19/(-7). Suppose -4*n + 4*y = -116, 3*n + c*y - 95 = 8*y. Calculate the highest common divisor of 10 and n.
5
Let i = -9 + 40. Let c = 52 - i. Let p = 18 + -4. What is the greatest common factor of c and p?
7
Suppose -5*h + 90 = 3*v + 31, 2*h = -v + 23. Let x(z) = 4*z**3 - 3*z**2 + 2*z + 3. Let g = 8 - 5. Let i be x(g). What is the greatest common divisor of i and h?
10
Let b(d) = 164*d**2 + 1. Let u be b(-1). Let q be 51/(21/6 + -2). Let j = q + -19. What is the greatest common factor of u and j?
15
Let s be (-4)/(-10) - (-8)/5. Let g = 341 - 339. Calculate the greatest common factor of g and s.
2
Suppose -14 - 6 = 4*o, 0 = -2*q - o + 1075. Suppose q = i + 3*i. What is the highest common divisor of i and 15?
15
Let h(p) = 2*p**3 + 3*p**2 - p - 2. Let d be h(-2). Let b be (-3)/(-1*(-1)/3). Let n = d - b. Calculate the greatest common divisor of n and 15.
5
Suppose 3*a - 5*q - 106 = 0, -3*a + 0*a + 96 = -3*q. What is the highest common factor of a and 9?
9
Let g = 31 + -2. Let k be g/2 + 1/(-2). Calculate the highest common divisor of k and 2.
2
Let a be (-2 + 20/6)*3. Suppose -a*y = -14 - 1086. Calculate the greatest common divisor of y and 25.
25
Suppose -2*w + 7*w = 35. Suppose 0 = 2*n - 1 - w. Let a = 18 + -8. Calculate the highest common factor of a and n.
2
Let d = -2 + 11. Let c be 21/(-2)*(-6)/d. Calculate the greatest common factor of 7 and c.
7
Let j(y) = y**3 + 9*y**2 + 7*y + 5. Let f be j(-8). Suppose -14 - 38 = -2*v. What is the highest common divisor of v and f?
13
Suppose -6*k + 240 = -4*k. What is the greatest common factor of k and 48?
24
Suppose -5*q + 102 + 28 = 0. What is the greatest common divisor of q and 65?
13
Let j = 12 + 4. Calculate the greatest common factor of j and 128.
16
Suppose o = -o. Suppose o*u = -u + 55. What is the highest common factor of u and 11?
11
Let n be ((-12)/21)/(-2) - 1776/(-56). What is the greatest common factor of 24 and n?
8
Let q(w) = w**3 + w**2 + 12. Let f be q(0). Let d(t) = t**2 + 3*t + 4. Let j be d(-3). Calculate the highest common factor of f and j.
4
Suppose -4*m - 2*k - 24 = 0, 3*m = -m + 3*k - 4. Let v = m + 15. Calculate the greatest common divisor of 11 and v.
11
Let h(t) = t**3 + 11*t**2 + 10*t + 17. Let o be h(-10). What is the highest c